en millions digit of 34363048?
3
What is the thousands digit of 3850336?
0
What is the ten thousands digit of 299283?
9
What is the units digit of 3472565?
5
What is the hundred thousands digit of 739797?
7
What is the units digit of 699401?
1
What is the hundreds digit of 16257936?
9
What is the hundred thousands digit of 485973?
4
What is the tens digit of 6063417?
1
What is the hundred thousands digit of 16341850?
3
What is the millions digit of 1415709?
1
What is the tens digit of 1388569?
6
What is the thousands digit of 4178571?
8
What is the units digit of 336481?
1
What is the thousands digit of 1461567?
1
What is the millions digit of 21476974?
1
What is the hundred thousands digit of 1025847?
0
What is the ten thousands digit of 567970?
6
What is the thousands digit of 3338230?
8
What is the ten millions digit of 12056855?
1
What is the units digit of 433363?
3
What is the ten millions digit of 35512698?
3
What is the hundred thousands digit of 373116?
3
What is the ten thousands digit of 18359931?
5
What is the hundred thousands digit of 3242069?
2
What is the units digit of 200268?
8
What is the tens digit of 1935895?
9
What is the tens digit of 7881869?
6
What is the thousands digit of 188842?
8
What is the hundred thousands digit of 2113957?
1
What is the hundreds digit of 7192125?
1
What is the tens digit of 384506?
0
What is the units digit of 237987?
7
What is the thousands digit of 548326?
8
What is the hundreds digit of 1544305?
3
What is the hundred thousands digit of 2550929?
5
What is the hundreds digit of 542473?
4
What is the hundred thousands digit of 153784?
1
What is the hundred thousands digit of 1234841?
2
What is the units digit of 3833276?
6
What is the hundreds digit of 580672?
6
What is the hundred thousands digit of 389443?
3
What is the ten millions digit of 25702596?
2
What is the millions digit of 8456936?
8
What is the hundred thousands digit of 6041326?
0
What is the hundreds digit of 183792?
7
What is the ten thousands digit of 2246780?
4
What is the ten thousands digit of 21190755?
9
What is the units digit of 3621557?
7
What is the hundreds digit of 232977?
9
What is the ten thousands digit of 7943771?
4
What is the hundred thousands digit of 197405?
1
What is the thousands digit of 10838458?
8
What is the hundred thousands digit of 814890?
8
What is the ten thousands digit of 436607?
3
What is the hundred thousands digit of 1171036?
1
What is the hundreds digit of 392923?
9
What is the hundreds digit of 162527?
5
What is the hundreds digit of 182630?
6
What is the tens digit of 1673205?
0
What is the thousands digit of 499766?
9
What is the units digit of 363874?
4
What is the hundred thousands digit of 253602?
2
What is the hundreds digit of 4050425?
4
What is the hundreds digit of 156570?
5
What is the millions digit of 2479447?
2
What is the hundreds digit of 315559?
5
What is the hundreds digit of 217583?
5
What is the units digit of 624094?
4
What is the thousands digit of 538541?
8
What is the hundreds digit of 490186?
1
What is the units digit of 1701860?
0
What is the hundred thousands digit of 30016002?
0
What is the hundreds digit of 8409711?
7
What is the hundred thousands digit of 162891?
1
What is the ten millions digit of 18227069?
1
What is the thousands digit of 266791?
6
What is the thousands digit of 274430?
4
What is the millions digit of 1313797?
1
What is the ten thousands digit of 805673?
0
What is the millions digit of 3360085?
3
What is the hundred thousands digit of 217126?
2
What is the thousands digit of 1097921?
7
What is the hundreds digit of 6353143?
1
What is the millions digit of 19442050?
9
What is the units digit of 9617311?
1
What is the millions digit of 3818624?
3
What is the thousands digit of 1916818?
6
What is the hundred thousands digit of 13541146?
5
What is the hundreds digit of 3352342?
3
What is the hundreds digit of 308663?
6
What is the thousands digit of 32882156?
2
What is the tens digit of 42104?
0
What is the ten millions digit of 21891004?
2
What is the hundred thousands digit of 330754?
3
What is the units digit of 3149023?
3
What is the tens digit of 1355283?
8
What is the tens digit of 356907?
0
What is the tens digit of 1433181?
8
What is the millions digit of 16562522?
6
What is the hundreds digit of 2302?
3
What is the hundred thousands digit of 2489469?
4
What is the units digit of 141065?
5
What is the hundred thousands digit of 206117?
2
What is the thousands digit of 14140321?
0
What is the millions digit of 24436822?
4
What is the hundred thousands digit of 432963?
4
What is the ten thousands digit of 13410?
1
What is the hundreds digit of 549348?
3
What is the units digit of 26945?
5
What is the hundred thousands digit of 948639?
9
What is the units digit of 14708394?
4
What is the hundred thousands digit of 825026?
8
What is the units digit of 134885?
5
What is the hundreds digit of 97793?
7
What is the hundreds digit of 2830783?
7
What is the thousands digit of 9370434?
0
What is the hundred thousands digit of 1857397?
8
What is the tens digit of 656777?
7
What is the thousands digit of 361917?
1
What is the tens digit of 1805828?
2
What is the tens digit of 164849?
4
What is the thousands digit of 15248847?
8
What is the ten thousands digit of 8751812?
5
What is the millions digit of 6651750?
6
What is the ten thousands digit of 2257702?
5
What is the millions digit of 1181793?
1
What is the ten thousands digit of 55262?
5
What is the units digit of 528268?
8
What is the hundreds digit of 15854188?
1
What is the millions digit of 10007343?
0
What is the units digit of 25217111?
1
What is the units digit of 8786081?
1
What is the thousands digit of 989143?
9
What is the hundred thousands digit of 247745?
2
What is the millions digit of 1679551?
1
What is the hundreds digit of 260310?
3
What is the ten thousands digit of 7677684?
7
What is the tens digit of 1190605?
0
What is the ten thousands digit of 434766?
3
What is the hundred thousands digit of 1609143?
6
What is the hundred thousands digit of 9912055?
9
What is the ten thousands digit of 1021038?
2
What is the hundred thousands digit of 203224?
2
What is the ten thousands digit of 5469969?
6
What is the thousands digit of 5225389?
5
What is the units digit of 77929?
9
What is the thousands digit of 118219?
8
What is the tens digit of 301919?
1
What is the units digit of 6480696?
6
What is the thousands digit of 6620320?
0
What is the hundreds digit of 6954103?
1
What is the tens digit of 4319?
1
What is the thousands digit of 14204238?
4
What is the thousands digit of 1425921?
5
What is the hundred thousands digit of 155058?
1
What is the tens digit of 655209?
0
What is the thousands digit of 333536?
3
What is the units digit of 212293?
3
What is the hundreds digit of 231569?
5
What is the hundreds digit of 109330?
3
What is the ten millions digit of 24394117?
2
What is the units digit of 299484?
4
What is the hundred thousands digit of 7110144?
1
What is the tens digit of 457116?
1
What is the units digit of 1163656?
6
What is the ten thousands digit of 1182260?
8
What is the units digit of 88516?
6
What is the hundred thousands digit of 11405541?
4
What is the ten millions digit of 14574091?
1
What is the tens digit of 764414?
1
What is the tens digit of 3244008?
0
What is the ten thousands digit of 23930?
2
What is the hundreds digit of 9267635?
6
What is the units digit of 725389?
9
What is the hundred thousands digit of 600103?
6
What is the ten thousands digit of 1856290?
5
What is the tens digit of 744398?
9
What is the hundreds digit of 7670870?
8
What is the hundreds digit of 2838972?
9
What is the thousands digit of 24499?
4
What is the ten thousands digit of 80076?
8
What is the millions digit of 1360269?
1
What is the thousands digit of 230839?
0
What is the thousands digit of 1683933?
3
What is the units digit of 422330?
0
What is the ten thousands digit of 12828380?
2
What is the units digit of 497040?
0
What is the millions digit of 3634900?
3
What is the thousands digit of 700179?
0
What is the tens digit of 432549?
4
What is the tens digit of 214176?
7
What is the hundreds digit of 139713?
7
What is the tens digit of 576645?
4
What is the tens digit of 266669